{"id":444,"date":"2025-10-20T12:33:36","date_gmt":"2025-10-20T12:33:36","guid":{"rendered":"https:\/\/e-bigfish.com\/bigfishint\/?page_id=444"},"modified":"2025-10-20T13:03:08","modified_gmt":"2025-10-20T13:03:08","slug":"inscription","status":"publish","type":"page","link":"https:\/\/e-bigfish.com\/bigfishint\/inscription\/","title":{"rendered":"Inscription"},"content":{"rendered":"\n<div class=\"wpcf7 no-js\" id=\"wpcf7-f452-o1\" lang=\"fr-FR\" dir=\"ltr\" data-wpcf7-id=\"452\">\n<div class=\"screen-reader-response\"><p role=\"status\" aria-live=\"polite\" aria-atomic=\"true\"><\/p> <ul><\/ul><\/div>\n<form action=\"\/bigfishint\/wp-json\/wp\/v2\/pages\/444#wpcf7-f452-o1\" method=\"post\" class=\"wpcf7-form init\" aria-label=\"Formulaire de contact\" novalidate=\"novalidate\" data-status=\"init\">\n<fieldset class=\"hidden-fields-container\"><input type=\"hidden\" name=\"_wpcf7\" value=\"452\" \/><input type=\"hidden\" name=\"_wpcf7_version\" value=\"6.1.5\" \/><input type=\"hidden\" name=\"_wpcf7_locale\" value=\"fr_FR\" \/><input type=\"hidden\" name=\"_wpcf7_unit_tag\" value=\"wpcf7-f452-o1\" \/><input type=\"hidden\" name=\"_wpcf7_container_post\" value=\"0\" \/><input type=\"hidden\" name=\"_wpcf7_posted_data_hash\" value=\"\" \/>\n<\/fieldset>\n<div class=\"form-field\">\n\t<p><label>Votre nom<\/label><br \/>\n<span class=\"wpcf7-form-control-wrap\" data-name=\"your-name\"><input size=\"40\" maxlength=\"400\" class=\"wpcf7-form-control wpcf7-text wpcf7-validates-as-required\" aria-required=\"true\" aria-invalid=\"false\" value=\"\" type=\"text\" name=\"your-name\" \/><\/span>\n\t<\/p>\n<\/div>\n<div class=\"form-field\">\n\t<p><label>Votre e-mail<\/label><br \/>\n<span class=\"wpcf7-form-control-wrap\" data-name=\"your-email\"><input size=\"40\" maxlength=\"400\" class=\"wpcf7-form-control wpcf7-email wpcf7-validates-as-required wpcf7-text wpcf7-validates-as-email\" aria-required=\"true\" aria-invalid=\"false\" value=\"\" type=\"email\" name=\"your-email\" \/><\/span>\n\t<\/p>\n<\/div>\n\n<!-- Ce champ cach\u00e9 recevra le titre de l'\u00e9v\u00e9nement depuis le pop-up -->\n<input class=\"wpcf7-form-control wpcf7-hidden\" value=\"\" type=\"hidden\" name=\"event-selection\" \/>\n\n<!-- Ce bloc ne s'affichera que si on ne vient pas d'un pop-up -->\n<div class=\"event-choices-wrapper\">\n\t<p><label>Choisissez un ou plusieurs \u00e9v\u00e9nements<\/label><br \/>\n<span class=\"wpcf7-form-control-wrap\" data-name=\"event-choices\"><span class=\"wpcf7-form-control wpcf7-checkbox wpcf7-validates-as-required\"><span class=\"wpcf7-list-item first\"><label><input type=\"checkbox\" name=\"event-choices[]\" value=\"Webinaire A\" \/><span class=\"wpcf7-list-item-label\">Webinaire A<\/span><\/label><\/span><span class=\"wpcf7-list-item\"><label><input type=\"checkbox\" name=\"event-choices[]\" value=\"Conf\u00e9rence B\" \/><span class=\"wpcf7-list-item-label\">Conf\u00e9rence B<\/span><\/label><\/span><span class=\"wpcf7-list-item last\"><label><input type=\"checkbox\" name=\"event-choices[]\" value=\"Atelier C\" \/><span class=\"wpcf7-list-item-label\">Atelier C<\/span><\/label><\/span><\/span><\/span>\n\t<\/p>\n<\/div>\n<div class=\"submit-button\">\n\t<p><input class=\"wpcf7-form-control wpcf7-submit has-spinner\" type=\"submit\" value=\"S&#039;inscrire\" \/>\n\t<\/p>\n<\/div><div class=\"wpcf7-response-output\" aria-hidden=\"true\"><\/div>\n<\/form>\n<\/div>\n\n","protected":false},"excerpt":{"rendered":"","protected":false},"author":2,"featured_media":0,"parent":0,"menu_order":0,"comment_status":"closed","ping_status":"closed","template":"page-inscription.php","meta":{"_kad_post_transparent":"disable","_kad_post_title":"hide","_kad_post_layout":"fullwidth","_kad_post_sidebar_id":"","_kad_post_content_style":"","_kad_post_vertical_padding":"","_kad_post_feature":"","_kad_post_feature_position":"","_kad_post_header":false,"_kad_post_footer":false,"_kad_post_classname":"","footnotes":""},"class_list":["post-444","page","type-page","status-publish","hentry"],"yoast_head":"<!-- This site is optimized with the Yoast SEO plugin v27.4 - https:\/\/yoast.com\/product\/yoast-seo-wordpress\/ -->\n<title>Inscription - BIG FISH INTERNATIONAL<\/title>\n<meta name=\"robots\" content=\"index, follow, max-snippet:-1, max-image-preview:large, max-video-preview:-1\" \/>\n<link rel=\"canonical\" href=\"https:\/\/e-bigfish.com\/bigfishint\/inscription\/\" \/>\n<meta property=\"og:locale\" content=\"fr_FR\" \/>\n<meta property=\"og:type\" content=\"article\" \/>\n<meta property=\"og:title\" content=\"Inscription - BIG FISH INTERNATIONAL\" \/>\n<meta property=\"og:url\" content=\"https:\/\/e-bigfish.com\/bigfishint\/inscription\/\" \/>\n<meta property=\"og:site_name\" content=\"BIG FISH INTERNATIONAL\" \/>\n<meta property=\"article:modified_time\" content=\"2025-10-20T13:03:08+00:00\" \/>\n<meta name=\"twitter:card\" content=\"summary_large_image\" \/>\n<meta name=\"twitter:label1\" content=\"Dur\u00e9e de lecture estim\u00e9e\" \/>\n\t<meta name=\"twitter:data1\" content=\"1 minute\" \/>\n<script type=\"application\/ld+json\" class=\"yoast-schema-graph\">{\"@context\":\"https:\\\/\\\/schema.org\",\"@graph\":[{\"@type\":\"WebPage\",\"@id\":\"https:\\\/\\\/e-bigfish.com\\\/bigfishint\\\/inscription\\\/\",\"url\":\"https:\\\/\\\/e-bigfish.com\\\/bigfishint\\\/inscription\\\/\",\"name\":\"Inscription - BIG FISH INTERNATIONAL\",\"isPartOf\":{\"@id\":\"https:\\\/\\\/e-bigfish.com\\\/bigfishint\\\/#website\"},\"datePublished\":\"2025-10-20T12:33:36+00:00\",\"dateModified\":\"2025-10-20T13:03:08+00:00\",\"breadcrumb\":{\"@id\":\"https:\\\/\\\/e-bigfish.com\\\/bigfishint\\\/inscription\\\/#breadcrumb\"},\"inLanguage\":\"fr-FR\",\"potentialAction\":[{\"@type\":\"ReadAction\",\"target\":[\"https:\\\/\\\/e-bigfish.com\\\/bigfishint\\\/inscription\\\/\"]}]},{\"@type\":\"BreadcrumbList\",\"@id\":\"https:\\\/\\\/e-bigfish.com\\\/bigfishint\\\/inscription\\\/#breadcrumb\",\"itemListElement\":[{\"@type\":\"ListItem\",\"position\":1,\"name\":\"Accueil\",\"item\":\"https:\\\/\\\/e-bigfish.com\\\/bigfishint\\\/\"},{\"@type\":\"ListItem\",\"position\":2,\"name\":\"Inscription\"}]},{\"@type\":\"WebSite\",\"@id\":\"https:\\\/\\\/e-bigfish.com\\\/bigfishint\\\/#website\",\"url\":\"https:\\\/\\\/e-bigfish.com\\\/bigfishint\\\/\",\"name\":\"BIG FISH INTERNATIONAL\",\"description\":\"PEOPLE CENTRIC DEVELOPMENT\",\"potentialAction\":[{\"@type\":\"SearchAction\",\"target\":{\"@type\":\"EntryPoint\",\"urlTemplate\":\"https:\\\/\\\/e-bigfish.com\\\/bigfishint\\\/?s={search_term_string}\"},\"query-input\":{\"@type\":\"PropertyValueSpecification\",\"valueRequired\":true,\"valueName\":\"search_term_string\"}}],\"inLanguage\":\"fr-FR\"}]}<\/script>\n<!-- \/ Yoast SEO plugin. -->","yoast_head_json":{"title":"Inscription - BIG FISH INTERNATIONAL","robots":{"index":"index","follow":"follow","max-snippet":"max-snippet:-1","max-image-preview":"max-image-preview:large","max-video-preview":"max-video-preview:-1"},"canonical":"https:\/\/e-bigfish.com\/bigfishint\/inscription\/","og_locale":"fr_FR","og_type":"article","og_title":"Inscription - BIG FISH INTERNATIONAL","og_url":"https:\/\/e-bigfish.com\/bigfishint\/inscription\/","og_site_name":"BIG FISH INTERNATIONAL","article_modified_time":"2025-10-20T13:03:08+00:00","twitter_card":"summary_large_image","twitter_misc":{"Dur\u00e9e de lecture estim\u00e9e":"1 minute"},"schema":{"@context":"https:\/\/schema.org","@graph":[{"@type":"WebPage","@id":"https:\/\/e-bigfish.com\/bigfishint\/inscription\/","url":"https:\/\/e-bigfish.com\/bigfishint\/inscription\/","name":"Inscription - BIG FISH INTERNATIONAL","isPartOf":{"@id":"https:\/\/e-bigfish.com\/bigfishint\/#website"},"datePublished":"2025-10-20T12:33:36+00:00","dateModified":"2025-10-20T13:03:08+00:00","breadcrumb":{"@id":"https:\/\/e-bigfish.com\/bigfishint\/inscription\/#breadcrumb"},"inLanguage":"fr-FR","potentialAction":[{"@type":"ReadAction","target":["https:\/\/e-bigfish.com\/bigfishint\/inscription\/"]}]},{"@type":"BreadcrumbList","@id":"https:\/\/e-bigfish.com\/bigfishint\/inscription\/#breadcrumb","itemListElement":[{"@type":"ListItem","position":1,"name":"Accueil","item":"https:\/\/e-bigfish.com\/bigfishint\/"},{"@type":"ListItem","position":2,"name":"Inscription"}]},{"@type":"WebSite","@id":"https:\/\/e-bigfish.com\/bigfishint\/#website","url":"https:\/\/e-bigfish.com\/bigfishint\/","name":"BIG FISH INTERNATIONAL","description":"PEOPLE CENTRIC DEVELOPMENT","potentialAction":[{"@type":"SearchAction","target":{"@type":"EntryPoint","urlTemplate":"https:\/\/e-bigfish.com\/bigfishint\/?s={search_term_string}"},"query-input":{"@type":"PropertyValueSpecification","valueRequired":true,"valueName":"search_term_string"}}],"inLanguage":"fr-FR"}]}},"_links":{"self":[{"href":"https:\/\/e-bigfish.com\/bigfishint\/wp-json\/wp\/v2\/pages\/444","targetHints":{"allow":["GET"]}}],"collection":[{"href":"https:\/\/e-bigfish.com\/bigfishint\/wp-json\/wp\/v2\/pages"}],"about":[{"href":"https:\/\/e-bigfish.com\/bigfishint\/wp-json\/wp\/v2\/types\/page"}],"author":[{"embeddable":true,"href":"https:\/\/e-bigfish.com\/bigfishint\/wp-json\/wp\/v2\/users\/2"}],"replies":[{"embeddable":true,"href":"https:\/\/e-bigfish.com\/bigfishint\/wp-json\/wp\/v2\/comments?post=444"}],"version-history":[{"count":2,"href":"https:\/\/e-bigfish.com\/bigfishint\/wp-json\/wp\/v2\/pages\/444\/revisions"}],"predecessor-version":[{"id":454,"href":"https:\/\/e-bigfish.com\/bigfishint\/wp-json\/wp\/v2\/pages\/444\/revisions\/454"}],"wp:attachment":[{"href":"https:\/\/e-bigfish.com\/bigfishint\/wp-json\/wp\/v2\/media?parent=444"}],"curies":[{"name":"wp","href":"https:\/\/api.w.org\/{rel}","templated":true}]}}